?
757
Let f(k) = 57*k + 10. Let y(t) = -86*t - 15. Let j(p) = -8*f(p) - 5*y(p). Let a be j(-2). What are the prime factors of 3/(9/3)*a?
47
Let f = 66 - 64. Suppose f*h + 7 = -7. Let m(b) = -12*b - 14. List the prime factors of m(h).
2, 5, 7
Let y be (-2)/9 + 116/36. Let p(b) = b + 6. Let i(v) = -10*v - 33. Let l(x) = -i(x) - 3*p(x). What are the prime factors of l(y)?
2, 3
What are the prime factors of ((-9)/(-15) + (-18328)/80)*-106*1?
53, 457
Let j = 2253 - 2253. Suppose -4*w - 2*r + 21 = -9, 5*w - 40 = -3*r. Suppose j = -s - 3*s - 4, -b - w*s + 62 = 0. List the prime factors of b.
67
What are the prime factors of (100041/4)/((-9)/(-24))?
2, 33347
Let b be -2*2*1/(-2). Suppose d = b*d - 71. List the prime factors of d.
71
Let g(y) = y**2 - 3*y - 12. Let s be g(5). Let o = s - -49. Suppose 73 = 5*m - o. List the prime factors of m.
2, 3
Suppose -4*m = -5*m. Suppose m = 9*b - 7*b. Suppose -6*p + 4*p + 104 = b. What are the prime factors of p?
2, 13
What are the prime factors of ((-290)/(-116))/((-5)/(-35678))?
17839
Let z = 5 - 3. Suppose -4599 = -3*b + 3*t, -z*b + 0*b - 5*t + 3045 = 0. List the prime factors of b.
2, 3, 5, 17
Suppose -4*q + 2*v = -1558, 2*q = -10*v + 6*v + 784. List the prime factors of q/4 - (-2)/4.
2, 7
Suppose -21750 = -11*k + 35571. What are the prime factors of k?
3, 193
Let l = -322 + 229. What are the prime factors of ((-183)/9 + 5)*l?
2, 23, 31
Suppose -4*u + 5*p + 13653 + 9584 = 0, -29097 = -5*u - p. What are the prime factors of u?
2, 2909
Let k = 4170 - 2884. What are the prime factors of k?
2, 643
Let p(v) = 911*v**2 - 47*v + 66. List the prime factors of p(4).
2, 3, 11, 73
List the prime factors of (-3 + 18/10)/((-1375059)/(-229180) + -6).
2, 1637
Suppose 9*v - 19281 - 43447 = -6838. What are the prime factors of v?
2, 3, 5, 23
Suppose -10*b + 144456 = 14*b. List the prime factors of b.
13, 463
Let q(j) = 1209*j + 3558. What are the prime factors of q(36)?
2, 3, 7, 19, 59
Let f = 196 - 67. Suppose -3*r + f = -2*r. Suppose -2*w + 57 = -r. What are the prime factors of w?
3, 31
Let q = 217 - 76. Let n = 3 + q. Suppose 0 = 6*l - 4*l - n. List the prime factors of l.
2, 3
Let t = 62 + -58. Suppose t*c + 4 = 3*c + 4*r, 5*c = r - 20. What are the prime factors of 825/(1 - c) - 5?
2, 5
Let b(j) = -6*j**3 + 10*j**2 - 16*j + 50. Let d be b(4). Let x = 987 + d. What are the prime factors of x?
7, 107
Let d(t) = 2*t**2 - 19*t - 6. Let o be 6/4*-1 - 1/(-2). Let z(r) = -13*r**3 + r**2 - 1. Let i be z(o). List the prime factors of d(i).
5, 17
Suppose 4*b = 54 + 154. Let m = 48 - b. Let w(a) = -61*a - 13. What are the prime factors of w(m)?
3, 7, 11
Suppose -5*g + 5*k = -7*g - 20, 0 = -4*g - k - 4. Suppose -3*y - 4*m + 1412 = g, -1414 = -3*y - m - 4*m. What are the prime factors of y?
2, 3, 13
Let h = 526 + -442. Suppose 236 + h = 16*c. List the prime factors of c.
2, 5
What are the prime factors of 12555675/330 - (-3 - ((-49)/(-2))/(-7))?
38047
Let l(k) = -7*k + 32. Let o be l(8). List the prime factors of (-28266)/o - 3/4.
11, 107
Let i be 6/4 + (-797)/(-2). Suppose i = -19*u + 27*u. List the prime factors of u.
2, 5
List the prime factors of ((-240046)/4 - (-1)/(-2))*(-1014)/2028.
2, 3, 1667
Let i = 95468 + -48615. What are the prime factors of i?
46853
Suppose -56392 + 2272142 = -23*t + 148*t. What are the prime factors of t?
2, 8863
Suppose -4*j = -4*u - 2*j - 78, -3*j = 4*u + 83. Suppose -k - 2 = 2*i + 2, -3*i + 7 = -5*k. What are the prime factors of (-604)/u + 6 - k/(-10)?
2, 3
Suppose -2*t - 4*s = -28, 54 = 5*t - s - 60. Let o = 22 - t. Suppose -3*q - 97 = -5*q - u, u + 3 = o. What are the prime factors of q?
2, 5
Let k = 893 - 2300. Let n = k - -2179. List the prime factors of n.
2, 193
Suppose 9*x - 7559 = 8955 + 6211. What are the prime factors of x?
5, 101
Let w = 448 + -444. Suppose -5*t - w = 1, -t = -3*d + 1840. List the prime factors of d.
613
Let f = 2811 + -1969. Let i = f + 318. List the prime factors of i.
2, 5, 29
Let j(x) = x**3 + 4*x**2 - 4*x + 15. Let o be j(-7). Let a = o + 149. Let m = 15 + a. List the prime factors of m.
2, 3, 5
Let c be (2 + -141)/(2/(-17 + -3)). Let a = c - 978. What are the prime factors of a?
2, 103
Let z(x) = -2*x**2 - 23*x - 11. Let v be 6/4*(1 + (-75)/9). Let b be z(v). Suppose 3*i - 96 - 138 = -3*w, -3*i - 4*w + 233 = b. What are the prime factors of i?
79
Suppose 122 = -5*n + 322. Suppose 11*m + n*m - 66402 = 0. What are the prime factors of m?
2, 3, 7, 31
Let v(s) = -24*s**2 + 18*s + 2. Let z be v(-2). What are the prime factors of (108/(-20))/(2/z)?
3, 13
Suppose -4*p = -p + 2*f - 24, 4*p = -3*f + 32. Suppose 0*b = p*b - 4832. What are the prime factors of b?
2, 151
Suppose 40 + 2 = 14*c. Suppose 3*w = -2*q + 1618, c*w + 3*q - 1619 = 2*q. What are the prime factors of w?
2, 3, 5
Suppose x + 3*o - 1568 = 0, -1543 = -x + 17*o - 15*o. Suppose -z = 3*y - x, 20 = 8*z - 4*z. What are the prime factors of y?
2, 3, 43
Suppose 0 = -w - i + 9103, 14*w - 3*i = 13*w + 9087. Suppose -32*d + 26635 - w = 0. List the prime factors of d.
2, 137
List the prime factors of (-393 + -5 - -3)/((-7)/322).
2, 5, 23, 79
Let p = 62883 - 32051. Suppose 19*x = -8868 + p. List the prime factors of x.
2, 17
Suppose 36 = -33*w + 27*w. Let a(l) = -9*l - 54. Let k be a(w). Suppose -53 = -2*s - x, k*x - 2*x + 22 = s. List the prime factors of s.
2, 7
What are the prime factors of (-4403050)/(-300) - ((-2)/30)/((-6)/(-15))?
13, 1129
Suppose 3*x = 2*t - 1665, 3*t = 3*x + 7*t + 1665. What are the prime factors of x/10*120/(-10)?
2, 3, 37
Suppose 13*c + 2*h = 16*c - 337, 2*c - 5*h - 243 = 0. Suppose 0 = 9*b - 8 - c. What are the prime factors of b?
13
Suppose 3*t - 2 + 11 = 0, -15443 = -2*c + 3*t. List the prime factors of c.
7717
Let s = -569 + 7576. What are the prime factors of s?
7, 11, 13
Suppose 17*l - 288918 = -5*m + 19*l, 4*l = m - 57780. List the prime factors of m.
2, 31, 233
Let o(z) = 6*z - 87. Let v be o(15). Suppose v*i = 5*f + 4715, -2*i + 3160 = 6*f - f. List the prime factors of i.
3, 5, 7
Suppose 0 = 31*k - 336862 - 801369 + 311926. List the prime factors of k.
3, 5, 1777
Let c(d) = d**2 - 17*d + 49. Let b be c(14). Suppose b*l = -12*l + 21603. List the prime factors of l.
3, 379
Suppose -11*l + 6*l + 3*z + 19065 = 0, -2*z + 3813 = l. What are the prime factors of l?
3, 31, 41
Suppose 2052 + 4298 = 25*d. Let r = d + -230. List the prime factors of r.
2, 3
Let h(p) = -2356*p + 42676. List the prime factors of h(0).
2, 47, 227
Suppose -2*j + 2*x = -0*j - 186, 2*j = 4*x + 184. Let q = -54 + j. List the prime factors of q.
2, 5
What are the prime factors of 8/5*7785275/356?
2, 5, 3499
Let l(z) = -999*z - 544. What are the prime factors of l(-28)?
2, 6857
Suppose 0 = -3*c - 4*u + 106770, -3*u + 106773 = 1228*c - 1225*c. What are the prime factors of c?
2, 13, 37
Suppose 155 = -9*g + 227. What are the prime factors of (-1 - g/(-6))/((-2)/(-366))?
61
Let t(k) = 775*k**2 - 83*k + 316. What are the prime factors of t(4)?
2, 3, 43
Let d be (-9 - (-1 + -6)) + 7. List the prime factors of (15/(-9) - -5)*171/d.
2, 3, 19
Let a = -119 - -121. Suppose -3*q - 7 = t - 33, -a*q = t - 25. List the prime factors of t.
23
Let m(a) = 29*a**2 + a - 8. Let n be m(5). Suppose r - n = 3*r + 2*x, 5*x - 1075 = 3*r. What are the prime factors of r/8*(-6)/5?
2, 3
Let a = 33 - 17. Suppose -a = -5*u - 6. Suppose 0*t - 4*t = 2*b - 204, u*t = -2*b + 98. List the prime factors of t.
53
Let v = 39647 - 15717. What are the prime factors of v?
2, 5, 2393
Suppose -22*y - 33*y = -990. Let v(x) = 7*x**2 - 60*x + 34. What are the prime factors of v(y)?
2, 13, 47
Let q = 430 + -471. Let d(h) = -h**2 - 44*h + 94. List the prime factors of d(q).
7, 31
Let r = 183 - -103. Let b = -3 + r. Let v = b + -106. What are the prime factors of v?
3, 59
Suppose -19*f + 23*f = 12180. Suppose -163*p = -170*p + f. List the prime factors of p.
3, 5, 29
Suppose o - 13 = 1. Let n(q) = -o*q + 26*q - 5*q - 18 + q**2. List the prime factors of n(8).
2, 3, 17
Suppose 0 = -10*f + 5559 + 14591. Suppose -2133 = -4*w + f. List the prime factors of w.
17, 61
Suppose q - 13 = -8, n - 14592 = -2*q. What are the prime factors of n?
2, 23, 317
Let c = 122 + -208. Let j = 67 - c. What are the prime factors of j?
3, 17
Suppose 0 = 3*c - 19*c - 128. What are the pr